[INFO] cloning repository https://github.com/LucianoBestia/qvs20_derive
[INFO] running `Command { std: "git" "-c" "credential.helper=" "-c" "credential.helper=/workspace/cargo-home/bin/git-credential-null" "clone" "--bare" "https://github.com/LucianoBestia/qvs20_derive" "/workspace/cache/git-repos/https%3A%2F%2Fgithub.com%2FLucianoBestia%2Fqvs20_derive", kill_on_drop: false }`
[INFO] [stderr] Cloning into bare repository '/workspace/cache/git-repos/https%3A%2F%2Fgithub.com%2FLucianoBestia%2Fqvs20_derive'...
[INFO] running `Command { std: "git" "rev-parse" "HEAD", kill_on_drop: false }`
[INFO] [stdout] 201e11ba576fc5709dc4ec2c10901b145649c70d
[INFO] checking LucianoBestia/qvs20_derive against master#cfbc6d4cf1acbac5c025acf8ed68929caa551df3 for pr-75494-beta
[INFO] running `Command { std: "git" "clone" "/workspace/cache/git-repos/https%3A%2F%2Fgithub.com%2FLucianoBestia%2Fqvs20_derive" "/workspace/builds/worker-0/source", kill_on_drop: false }`
[INFO] [stderr] Cloning into '/workspace/builds/worker-0/source'...
[INFO] [stderr] done.
[INFO] validating manifest of git repo https://github.com/LucianoBestia/qvs20_derive on toolchain cfbc6d4cf1acbac5c025acf8ed68929caa551df3
[INFO] running `Command { std: "/workspace/cargo-home/bin/cargo" "+cfbc6d4cf1acbac5c025acf8ed68929caa551df3" "read-manifest" "--manifest-path" "Cargo.toml", kill_on_drop: false }`
[INFO] started tweaking git repo https://github.com/LucianoBestia/qvs20_derive
[INFO] finished tweaking git repo https://github.com/LucianoBestia/qvs20_derive
[INFO] tweaked toml for git repo https://github.com/LucianoBestia/qvs20_derive written to /workspace/builds/worker-0/source/Cargo.toml
[INFO] crate git repo https://github.com/LucianoBestia/qvs20_derive already has a lockfile, it will not be regenerated
[INFO] running `Command { std: "/workspace/cargo-home/bin/cargo" "+cfbc6d4cf1acbac5c025acf8ed68929caa551df3" "fetch" "--locked" "--manifest-path" "Cargo.toml", kill_on_drop: false }`
[INFO] [stderr]     Blocking waiting for file lock on package cache
[INFO] running `Command { std: "docker" "create" "-v" "/var/lib/crater-agent-workspace/builds/worker-0/target:/opt/rustwide/target:rw,Z" "-v" "/var/lib/crater-agent-workspace/builds/worker-0/source:/opt/rustwide/workdir:ro,Z" "-v" "/var/lib/crater-agent-workspace/cargo-home:/opt/rustwide/cargo-home:ro,Z" "-v" "/var/lib/crater-agent-workspace/rustup-home:/opt/rustwide/rustup-home:ro,Z" "-e" "SOURCE_DIR=/opt/rustwide/workdir" "-e" "CARGO_TARGET_DIR=/opt/rustwide/target" "-e" "CARGO_HOME=/opt/rustwide/cargo-home" "-e" "RUSTUP_HOME=/opt/rustwide/rustup-home" "-w" "/opt/rustwide/workdir" "-m" "1610612736" "--user" "0:0" "--network" "none" "rustops/crates-build-env@sha256:a636fd89d022f18117e1dc8fb37a0a009933cdbbe082814857f0e2024962d47c" "/opt/rustwide/cargo-home/bin/cargo" "+cfbc6d4cf1acbac5c025acf8ed68929caa551df3" "metadata" "--no-deps" "--format-version=1", kill_on_drop: false }`
[INFO] [stdout] d26bf9b46ad267af16b3e19ac4c7996e81d7761336e61bf57ae1284985ab6bb6
[INFO] [stderr] WARNING: Your kernel does not support swap limit capabilities or the cgroup is not mounted. Memory limited without swap.
[INFO] running `Command { std: "docker" "start" "-a" "d26bf9b46ad267af16b3e19ac4c7996e81d7761336e61bf57ae1284985ab6bb6", kill_on_drop: false }`
[INFO] running `Command { std: "docker" "inspect" "d26bf9b46ad267af16b3e19ac4c7996e81d7761336e61bf57ae1284985ab6bb6", kill_on_drop: false }`
[INFO] running `Command { std: "docker" "rm" "-f" "d26bf9b46ad267af16b3e19ac4c7996e81d7761336e61bf57ae1284985ab6bb6", kill_on_drop: false }`
[INFO] [stdout] d26bf9b46ad267af16b3e19ac4c7996e81d7761336e61bf57ae1284985ab6bb6
[INFO] running `Command { std: "docker" "create" "-v" "/var/lib/crater-agent-workspace/builds/worker-0/target:/opt/rustwide/target:rw,Z" "-v" "/var/lib/crater-agent-workspace/builds/worker-0/source:/opt/rustwide/workdir:ro,Z" "-v" "/var/lib/crater-agent-workspace/cargo-home:/opt/rustwide/cargo-home:ro,Z" "-v" "/var/lib/crater-agent-workspace/rustup-home:/opt/rustwide/rustup-home:ro,Z" "-e" "SOURCE_DIR=/opt/rustwide/workdir" "-e" "CARGO_TARGET_DIR=/opt/rustwide/target" "-e" "CARGO_INCREMENTAL=0" "-e" "RUST_BACKTRACE=full" "-e" "RUSTFLAGS=--cap-lints=forbid" "-e" "CARGO_HOME=/opt/rustwide/cargo-home" "-e" "RUSTUP_HOME=/opt/rustwide/rustup-home" "-w" "/opt/rustwide/workdir" "-m" "1610612736" "--user" "0:0" "--network" "none" "rustops/crates-build-env@sha256:a636fd89d022f18117e1dc8fb37a0a009933cdbbe082814857f0e2024962d47c" "/opt/rustwide/cargo-home/bin/cargo" "+cfbc6d4cf1acbac5c025acf8ed68929caa551df3" "check" "--frozen" "--all" "--all-targets" "--message-format=json", kill_on_drop: false }`
[INFO] [stdout] 1c68652011a1c2266de2c1f53ed153619ec806da36b38a6890826cf2ac93623a
[INFO] [stderr] WARNING: Your kernel does not support swap limit capabilities or the cgroup is not mounted. Memory limited without swap.
[INFO] running `Command { std: "docker" "start" "-a" "1c68652011a1c2266de2c1f53ed153619ec806da36b38a6890826cf2ac93623a", kill_on_drop: false }`
[INFO] [stderr]    Compiling proc-macro2 v1.0.18
[INFO] [stderr]    Compiling syn v1.0.33
[INFO] [stderr]     Checking unicode-xid v0.2.1
[INFO] [stderr]     Checking quote v1.0.7
[INFO] [stderr]     Checking qvs20_derive v0.0.1 (/opt/rustwide/workdir)
[INFO] [stdout] error[E0433]: failed to resolve: use of undeclared type or module `WriterForQvs20`
[INFO] [stdout]   --> examples/example_01.rs:10:10
[INFO] [stdout]    |
[INFO] [stdout] 10 | #[derive(Qvs20Table)]
[INFO] [stdout]    |          ^^^^^^^^^^ use of undeclared type or module `WriterForQvs20`
[INFO] [stdout]    |
[INFO] [stdout]    = note: this error originates in a derive macro (in Nightly builds, run with -Z macro-backtrace for more info)
[INFO] [stdout] 
[INFO] [stdout] 
[INFO] [stdout] error[E0433]: failed to resolve: use of undeclared type or module `fs`
[INFO] [stdout]   --> examples/example_01.rs:10:10
[INFO] [stdout]    |
[INFO] [stdout] 10 | #[derive(Qvs20Table)]
[INFO] [stdout]    |          ^^^^^^^^^^ use of undeclared type or module `fs`
[INFO] [stdout]    |
[INFO] [stdout]    = note: this error originates in a derive macro (in Nightly builds, run with -Z macro-backtrace for more info)
[INFO] [stdout] 
[INFO] [stdout] 
[INFO] [stdout] error[E0433]: failed to resolve: use of undeclared type or module `ReaderForQvs20`
[INFO] [stdout]   --> examples/example_01.rs:10:10
[INFO] [stdout]    |
[INFO] [stdout] 10 | #[derive(Qvs20Table)]
[INFO] [stdout]    |          ^^^^^^^^^^ use of undeclared type or module `ReaderForQvs20`
[INFO] [stdout]    |
[INFO] [stdout]    = note: this error originates in a derive macro (in Nightly builds, run with -Z macro-backtrace for more info)
[INFO] [stdout] 
[INFO] [stdout] 
[INFO] [stdout] error[E0433]: failed to resolve: use of undeclared type or module `TableSchema`
[INFO] [stdout]   --> examples/example_01.rs:10:10
[INFO] [stdout]    |
[INFO] [stdout] 10 | #[derive(Qvs20Table)]
[INFO] [stdout]    |          ^^^^^^^^^^ use of undeclared type or module `TableSchema`
[INFO] [stdout]    |
[INFO] [stdout]    = note: this error originates in a derive macro (in Nightly builds, run with -Z macro-backtrace for more info)
[INFO] [stdout] 
[INFO] [stdout] 
[INFO] [stdout] error[E0433]: failed to resolve: use of undeclared type or module `DataType`
[INFO] [stdout]   --> examples/example_01.rs:13:10
[INFO] [stdout]    |
[INFO] [stdout] 13 | #[derive(Qvs20Row)]
[INFO] [stdout]    |          ^^^^^^^^ use of undeclared type or module `DataType`
[INFO] [stdout]    |
[INFO] [stdout]    = note: this error originates in a derive macro (in Nightly builds, run with -Z macro-backtrace for more info)
[INFO] [stdout] 
[INFO] [stdout] 
[INFO] [stdout] error[E0412]: cannot find type `WriterForQvs20` in this scope
[INFO] [stdout]   --> examples/example_01.rs:10:10
[INFO] [stdout]    |
[INFO] [stdout] 10 | #[derive(Qvs20Table)]
[INFO] [stdout]    |          ^^^^^^^^^^ not found in this scope
[INFO] [stdout]    |
[INFO] [stdout]    = note: this error originates in a derive macro (in Nightly builds, run with -Z macro-backtrace for more info)
[INFO] [stdout] 
[INFO] [stdout] 
[INFO] [stdout] error[E0412]: cannot find type `TableSchema` in this scope
[INFO] [stdout]   --> examples/example_01.rs:10:10
[INFO] [stdout]    |
[INFO] [stdout] 10 | #[derive(Qvs20Table)]
[INFO] [stdout]    |          ^^^^^^^^^^ not found in this scope
[INFO] [stdout]    |
[INFO] [stdout]    = note: this error originates in a derive macro (in Nightly builds, run with -Z macro-backtrace for more info)
[INFO] [stdout] 
[INFO] [stdout] 
[INFO] [stdout] error[E0412]: cannot find type `WriterForQvs20` in this scope
[INFO] [stdout]   --> examples/example_01.rs:13:10
[INFO] [stdout]    |
[INFO] [stdout] 13 | #[derive(Qvs20Row)]
[INFO] [stdout]    |          ^^^^^^^^ not found in this scope
[INFO] [stdout]    |
[INFO] [stdout]    = note: this error originates in a derive macro (in Nightly builds, run with -Z macro-backtrace for more info)
[INFO] [stdout] 
[INFO] [stdout] 
[INFO] [stdout] error[E0412]: cannot find type `ReaderForQvs20` in this scope
[INFO] [stdout]   --> examples/example_01.rs:13:10
[INFO] [stdout]    |
[INFO] [stdout] 13 | #[derive(Qvs20Row)]
[INFO] [stdout]    |          ^^^^^^^^ not found in this scope
[INFO] [stdout]    |
[INFO] [stdout]    = note: this error originates in a derive macro (in Nightly builds, run with -Z macro-backtrace for more info)
[INFO] [stdout] 
[INFO] [stdout] 
[INFO] [stdout] error[E0412]: cannot find type `TableSchema` in this scope
[INFO] [stdout]   --> examples/example_01.rs:13:10
[INFO] [stdout]    |
[INFO] [stdout] 13 | #[derive(Qvs20Row)]
[INFO] [stdout]    |          ^^^^^^^^ not found in this scope
[INFO] [stdout]    |
[INFO] [stdout]    = note: this error originates in a derive macro (in Nightly builds, run with -Z macro-backtrace for more info)
[INFO] [stdout] 
[INFO] [stdout] 
[INFO] [stdout] error[E0422]: cannot find struct, variant or union type `TableSchema` in this scope
[INFO] [stdout]   --> examples/example_01.rs:13:10
[INFO] [stdout]    |
[INFO] [stdout] 13 | #[derive(Qvs20Row)]
[INFO] [stdout]    |          ^^^^^^^^ not found in this scope
[INFO] [stdout]    |
[INFO] [stdout]    = note: this error originates in a derive macro (in Nightly builds, run with -Z macro-backtrace for more info)
[INFO] [stdout] 
[INFO] [stdout] 
[INFO] [stdout] error: aborting due to 11 previous errors
[INFO] [stdout] 
[INFO] [stdout] 
[INFO] [stdout] Some errors have detailed explanations: E0412, E0422, E0433.
[INFO] [stdout] 
[INFO] [stdout] For more information about an error, try `rustc --explain E0412`.
[INFO] [stdout] 
[INFO] [stderr] error: could not compile `qvs20_derive`.
[INFO] [stderr] 
[INFO] [stderr] To learn more, run the command again with --verbose.
[INFO] running `Command { std: "docker" "inspect" "1c68652011a1c2266de2c1f53ed153619ec806da36b38a6890826cf2ac93623a", kill_on_drop: false }`
[INFO] running `Command { std: "docker" "rm" "-f" "1c68652011a1c2266de2c1f53ed153619ec806da36b38a6890826cf2ac93623a", kill_on_drop: false }`
[INFO] [stdout] 1c68652011a1c2266de2c1f53ed153619ec806da36b38a6890826cf2ac93623a
